?
3
Suppose 12454 = 3*c - v, 3*v = 13*c - 9*c - 16607. What is the units digit of c?
1
Let z be 4/(-8)*(-9 + -11). What is the tens digit of (-1 - 334/z)/((-42)/525)?
3
Let m be 2412/4 - (-1)/(-1). Let p be (-2)/(8/6)*m/(-129). Suppose -22 = -p*c + 13. What is the units digit of c?
5
Suppose 0 = -3*i - 5*q + 55, 2*q = 2*i - q - 5. Suppose -13*c + 6 = -i*c. Suppose 2*a - 31 = a + 4*u, -c*a + 14 = 4*u. What is the tens digit of a?
1
What is the hundreds digit of (-812)/(-4) + 0*10/80?
2
Let q(s) = 368*s + 33. Let f be q(7). Suppose 0 = 15*o - f - 3031. What is the hundreds digit of o?
3
Suppose 7*m - 55 = 6*m. Suppose -8 = 51*w - m*w. What is the units digit of 7/28*8/(1*w)?
1
Let k(w) = -10*w - 1. Suppose 0 = -2*z - 8, -5*g + 2*z - 3*z = 49. Let c be k(g). What is the units digit of c/1 + (-22)/11?
7
Let h be (-2*1/5)/(2/5). Let c(o) = -403*o - 21. What is the hundreds digit of c(h)?
3
Let g(y) = 93*y**2 + 16*y - 2. What is the tens digit of g(20)?
1
Let o be (0 - 1) + 48 + 2 + -4. Let w be 3/30*4*o. What is the tens digit of 4/(-24) + 867/w?
4
Suppose 219 = 10*b - 131. What is the units digit of ((-2)/14)/((-10)/b)*284?
2
Suppose 5*t + 7*c - 5*c - 48 = 0, 0 = -3*t - 2*c + 32. Suppose -t*d = -5*d + b - 402, -3*b - 402 = -3*d. What is the tens digit of d?
3
What is the thousands digit of 1595550/77 + (-60)/140?
0
Let u(l) = -575*l - 555. What is the tens digit of u(-12)?
4
Suppose -m - 2*m = 4*o + 7, o = 2*m + 1. Let v be 13 - -745 - (3 + m). Suppose -4*f + v = -4*l, 221 = 3*f - 5*l - 348. What is the tens digit of f?
8
What is the thousands digit of 6951/(-9 + 64/7)?
8
Let i(m) be the first derivative of -6*m - 7/2*m**2 + 2/3*m**3 + 11. What is the units digit of i(10)?
4
Let r(b) = -23*b**3 - 6*b**2 + 10. Let c be r(4). Let m = c - -2848. What is the tens digit of m?
9
Suppose 8*r = -3*k + 11*r - 39, 5*r - 25 = 0. What is the hundreds digit of (2 + 20/k)*-1964?
9
Suppose -6*c - 34*c - 36*c = -794428. What is the hundreds digit of c?
4
Let p be (33/3)/((-2)/(-4)). Let n(a) = 2*a**3 - 43*a**2 - 20*a - 39. What is the units digit of n(p)?
5
Let k = 22 + 28. Let t = k + -89. Let p = t - -44. What is the units digit of p?
5
Suppose -f + 5*l + 17217 = 0, l - 14651 + 83576 = 4*f. What is the units digit of f?
2
Let y(b) = 6*b + 18*b - b**3 - b**2 - 27*b + 97. Let h(p) = -p**2 + 5*p - 4. Let x be h(4). What is the units digit of y(x)?
7
Let i(g) = -g + 12. Let u be i(0). Suppose 0 = 8*w - u*w - 944. What is the tens digit of ((-21)/(-6) - 2)*w/(-3)?
1
Suppose -3*r + 3*l = -82434, -80*r = -79*r - 2*l - 27476. What is the units digit of r?
0
Suppose 48 = 7*f - 3*f. Let o(n) = -n**3 + 13*n**2 - 11*n - 8. Let a be o(f). Suppose a*j - 200 = 1000. What is the units digit of j?
0
What is the ten thousands digit of (-3*(-247)/(-52))/((-6)/6256)?
1
Let i(r) = r + 5. Let a be i(-3). Let m(s) = 35 - 52 + 11*s + 3*s**2 - 2*s**a. What is the units digit of m(-13)?
9
Let x be (-3 - (-56)/16)/(1/4). Suppose z = 3*i + 2*z - x, z = -4. Suppose i*w - 4*v = -0*v + 24, 5 = v. What is the tens digit of w?
2
Suppose 0 = -3*z - n + 40, 5*n - 18 = -0*z - 2*z. Suppose -4*f - 4 = 2*x, 2*x + z = -0*x + f. What is the tens digit of -26*22/x*(-12)/(-8)?
4
Let c(w) = w**3 + 8*w**2 - 10*w - 2. Let l(x) = -x**3 - 16*x**2 - 24*x + 47. Let h be l(-14). What is the units digit of c(h)?
7
Let d be -3*(6 + 100/(-12)). Let q(y) be the first derivative of y**3/3 + 7*y**2 - 30*y + 2. What is the units digit of q(d)?
7
What is the units digit of 502*((-63)/(-14) + 4)?
7
Let a = -805 + 488. Let b = a - -174. What is the units digit of (-19045)/b + (-4)/22?
3
Suppose -3*a + 5*v = -7668, -3*a - 208*v = -207*v - 7686. What is the units digit of a?
1
Let s = -925 - -1510. Suppose 0 = 3*z - 4*m - 355, 5*z - 6*m - s = -m. What is the units digit of z?
3
Suppose 0*z + 23493 = 5*n + 4*z, -3*n = -4*z - 14115. What is the units digit of n?
1
Let h(n) = -n**3 + 90*n**2 - 2*n - 244. What is the thousands digit of h(83)?
7
Let g(i) = -i**3 - 16*i**2 + 16*i - 6. Let k be g(-17). Suppose -9*d + k*d - 6 = 0. What is the units digit of (-2)/(-6) + 221/d?
4
Suppose 7*u - 22222 + 1005 = 0. Suppose 0 = 2*r - u + 291. What is the thousands digit of r?
1
Suppose -2*w = -3*v, 0 = 3*v + w - 4 - 5. Let y(z) = -4*z**2 - z - 3. Let k be y(v). What is the tens digit of (-3060)/k - (1 - 9/7)?
4
Let n(p) = 341*p**2 - 35*p + 298. What is the thousands digit of n(6)?
2
Suppose -8*r + 3*r + 15556 = w, 4*r - 2*w = 12442. Suppose 4*i - 77 = r. What is the units digit of i?
7
Let h(p) be the second derivative of 67*p**3/3 - 19*p**2 - p + 58. What is the units digit of h(4)?
8
What is the hundreds digit of 4297 + (-13)/2*2?
2
Let r be (-6)/(-9)*6 + -3 + -6. Let l(k) = -7*k + 5. Let c be l(r). Suppose 0 = s + 2*w - c, -2*w = -4*s + w + 204. What is the units digit of s?
8
Let j = -311 + 311. Suppose 1865 = 3*u + 4*m, -2*u + j*m + 1258 = -m. What is the tens digit of u?
2
Let f(p) = p + 7. Let a be f(-10). Let n be 2/a*(-33)/(-11). Let q(o) = -64*o - 1. What is the tens digit of q(n)?
2
What is the hundreds digit of -3338*((-4)/14 + (-1413)/126)?
3
Let b = 198 - -173. Let v = b - 184. What is the units digit of v?
7
Let b = -256 - -201. Let n = 139 - b. What is the hundreds digit of n?
1
Let g(w) = 7*w - 60. Let o be g(6). Let m = 171 + o. What is the hundreds digit of m?
1
Suppose -2*v - 462 = 378. Let k = v - -605. Let s = 264 - k. What is the tens digit of s?
7
Let x = -90 + 92. Suppose 0 = 4*b - 4*z - 1524, -x*z + 1524 = -b + 5*b. What is the hundreds digit of b?
3
Suppose 0 = 5*f + 2*h - 10880, 3*f = 4*h + 4919 + 1635. Suppose 21*i = 15*i + f. What is the tens digit of i?
6
Let d = -267 - -252. What is the units digit of (10/d)/((-4)/90 - 0)?
5
Let r(q) = -q**2 + 7*q + 24. Let h be r(5). Suppose h*p - 37*p = -135. What is the units digit of p?
5
Suppose 4*q = 30*q - 157716. What is the hundreds digit of q?
0
Let u = -143 + 149. Let s(h) = 61*h + 62. What is the tens digit of s(u)?
2
Suppose 0 = -2*a - 4*h + 10904, 187*a = 184*a + 4*h + 16316. What is the hundreds digit of a?
4
Let q(p) = -2752*p**3 - p**2 - p + 1. What is the units digit of q(-1)?
3
Suppose -10*l - 22 = 28. Let d(z) = -z**3 + 5*z**2 - z - 32. What is the units digit of d(l)?
3
Suppose 5*h + 3*b = 46, 4*h = -0*b + 5*b + 59. Suppose -6*g = -h*g + 1465. Suppose -5*c - 264 = -4*w + g, -3*c + 295 = 2*w. What is the tens digit of w?
4
Let z(j) = 60 + 12*j - j - 274. What is the units digit of z(28)?
4
Let y = 10159 - 8382. What is the tens digit of y?
7
Let h(s) = 7*s**2 + 135*s - 342. What is the units digit of h(-77)?
6
Let b = 214 - 170. Suppose 3*y = x - b, 3*x + x - 3*y - 194 = 0. What is the tens digit of x?
5
Let u(t) = -t**3 + 7*t**2 - 8. Let x be u(7). Let k be 4*4/x*-2. Suppose -f = k*f - 145. What is the tens digit of f?
2
Suppose 5*j + 18*k = 16*k + 55064, 0 = 3*j - 5*k - 33026. What is the units digit of j?
2
Let b = -3 - -10. Let l(o) = 23*o + 28. What is the tens digit of l(b)?
8
Suppose -20 + 12 = 8*o. What is the units digit of ((-11)/((-99)/39))/(o/(-102))?
2
What is the ten thousands digit of 2562651/216 - (-42)/48?
1
Let v(q) = -2*q**3 + 24*q**2 - 24*q + 18. Let b be v(11). What is the hundreds digit of b/18 + (-283896)/(-324)?
8
Let f be (4/(-6))/(16/28536). Let u = -750 - f. Suppose u = 2*p - 5*o, -391 = -4*p - 3*o + 448. What is the units digit of p?
2
Suppose -2*h + 87 = -985. Let u = h + 149. What is the tens digit of u?
8
Let j(z) = z**2 - 13*z + 1386. Let m be j(0). Suppose 2*w = w. Suppose w = x - 10*x + m. What is the hundreds digit of x?
1
Suppose -17*x + 0*x + 80308 = 0. What is the thousands digit of x?
4
Let i be ((-10)/8)/((-4)/16). Let x(l) = 12*l + 19. Let a(p) = p - 2. Let k(h) = -2*a(h) + x(h). What is the tens digit of k(i)?
7
Let w be 178/(-26) - 3/(-39)*-2. What is the units digit of 212/(w - (-54)/6)?
6
Suppose -13*m + 17*m + 12 = 0. Let h(t) = 5*t**3 + 21*t**2 - 2*t - 1. What is the units digit of h(m)?
9
Suppose -182*z + 387100 = -168*z. What is the hundreds digit of z?
6
Let i be (1/3)/((-8)/(-72)). Let c be (4 + -8 + i)*13/(-1). Let g(d) = 3*d - 27. What is the tens digit of g(c)?
1
Suppose -49*z + 44*z + 1845 = 0. Let o = z - 232. Let i = o - 19. What is the hundreds digit of i?
1
Suppose 140*m - 1884127 = 21*m. W